alculate the greatest common factor of 4020 and 16616.
268
What is the highest common divisor of 615 and 40915335?
615
Calculate the highest common divisor of 368 and 30787984.
368
Calculate the greatest common factor of 6817956 and 24.
12
What is the greatest common factor of 2307851 and 17738?
49
What is the highest common factor of 208593 and 109736?
473
Calculate the highest common factor of 180 and 5412380.
20
What is the greatest common divisor of 16301610 and 9360?
1170
What is the greatest common divisor of 66034 and 9?
1
Calculate the greatest common divisor of 95 and 698308672.
19
Calculate the highest common factor of 1683550 and 9625.
275
What is the highest common factor of 1131 and 745677?
87
What is the highest common factor of 74154 and 35286?
6
Calculate the highest common divisor of 40033344 and 15824.
688
What is the highest common factor of 580 and 22299260?
580
What is the highest common factor of 43056 and 516876516?
10764
What is the highest common factor of 6128640 and 6768?
144
Calculate the greatest common factor of 4075469 and 3.
1
What is the greatest common factor of 32828 and 290075?
283
What is the greatest common factor of 62829 and 2373462?
351
What is the highest common factor of 131167064 and 56?
56
What is the highest common factor of 96 and 4345184?
32
Calculate the greatest common divisor of 3052917 and 55419.
609
Calculate the greatest common divisor of 17674 and 24746.
2
Calculate the highest common divisor of 210 and 575160.
30
What is the highest common divisor of 95 and 2949161?
19
What is the greatest common divisor of 13942 and 3964?
2
What is the greatest common factor of 20 and 7220585?
5
What is the greatest common divisor of 5648 and 2165053488?
5648
Calculate the highest common divisor of 396989 and 192228.
83
Calculate the greatest common divisor of 665 and 18519900.
35
Calculate the greatest common divisor of 823699 and 472.
59
What is the greatest common divisor of 1660 and 349920?
20
What is the highest common factor of 3404 and 462500?
148
What is the highest common factor of 1454872 and 16?
8
What is the greatest common factor of 8658 and 20930?
26
Calculate the greatest common factor of 528 and 15474.
6
What is the greatest common factor of 2688839 and 1939?
277
Calculate the greatest common factor of 200556 and 1557404.
2476
What is the greatest common divisor of 17286096 and 4464?
1488
Calculate the highest common factor of 1545643 and 104874.
2497
Calculate the greatest common factor of 306228 and 12909.
39
Calculate the highest common factor of 778 and 47987429.
389
Calculate the greatest common factor of 855831 and 3.
3
What is the greatest common factor of 54157 and 12028?
31
What is the greatest common divisor of 399791518 and 238?
14
Calculate the greatest common factor of 1210889548 and 1276.
1276
Calculate the greatest common divisor of 10 and 703351240.
10
What is the highest common divisor of 1999052 and 44?
44
Calculate the greatest common divisor of 131408 and 1501904.
688
What is the greatest common factor of 70 and 19197738?
14
Calculate the greatest common divisor of 589472086 and 111.
37
What is the greatest common divisor of 3393743 and 7?
1
Calculate the highest common divisor of 27 and 180208773.
27
What is the greatest common factor of 5355941 and 138?
23
What is the highest common factor of 1383168 and 2488?
8
What is the greatest common divisor of 250 and 13638875?
125
Calculate the greatest common divisor of 3860 and 5560716.
772
Calculate the highest common divisor of 16728 and 168264.
984
What is the greatest common divisor of 171 and 2727936?
9
Calculate the highest common divisor of 134882 and 66.
22
Calculate the highest common factor of 1404 and 83214729.
351
What is the greatest common divisor of 50181 and 33927?
129
What is the highest common factor of 756280 and 14245?
1295
What is the greatest common divisor of 279291 and 12?
3
What is the highest common divisor of 137731 and 7106?
209
What is the greatest common divisor of 30800292 and 304?
76
What is the highest common divisor of 264828 and 526089?
87
Calculate the greatest common divisor of 1532163 and 2826.
471
Calculate the greatest common divisor of 8 and 935370696.
8
What is the highest common factor of 225 and 39099325?
25
What is the highest common divisor of 2172 and 163788?
12
Calculate the highest common divisor of 12 and 468160244.
4
What is the greatest common divisor of 5211 and 2867514291?
5211
Calculate the highest common factor of 320 and 33469760.
320
Calculate the greatest common divisor of 37084494 and 3906.
186
What is the greatest common factor of 1546 and 284996597?
773
What is the greatest common factor of 7462413 and 169911?
1953
What is the greatest common factor of 126 and 8983842?
42
Calculate the highest common divisor of 6670 and 2438320.
290
What is the highest common factor of 5144016 and 1457?
31
Calculate the highest common factor of 18687456 and 5848.
344
Calculate the highest common factor of 3125 and 65942500.
625
Calculate the highest common divisor of 22456333 and 657.
73
Calculate the highest common factor of 66481 and 30563765.
3499
What is the highest common divisor of 89319 and 4218?
57
What is the highest common divisor of 2450781 and 1118094?
921
Calculate the greatest common factor of 2812 and 337529281.
703
Calculate the greatest common divisor of 98523089 and 3115.
623
Calculate the greatest common divisor of 3724 and 6172726.
98
What is the highest common factor of 31698081 and 1836?
459
What is the highest common divisor of 7225 and 592960?
85
What is the highest common factor of 13 and 73544185?
13
Calculate the highest common divisor of 22396 and 6811438.
1018
Calculate the highest common factor of 1652002 and 2222.
22
What is the highest common factor of 1323 and 15808968?
441
What is the greatest common divisor of 599708 and 3362580?
1916
What is the highest common factor of 418539 and 546522?
3459
What is the greatest common divisor of 52 and 5575534?
2
What is the greatest common factor of 1086 and 449214?
6
What is the greatest common divisor of 770800152 and 36?
12
What is the greatest common divisor of 11594 and 21064717?
527
What is the highest common divisor of 1388748 and 114?
114
Calculate the greatest common divisor of 1650507 and 195.
3
What is the greatest common factor of 42 and 12499480?
14
What is the greatest common factor of 1141514 and 318?
106
Calculate the highest common divisor of 14690 and 13262810.
1130
Calculate the greatest common divisor of 2290472 and 24448.
1528
Calculate the highest common factor of 686 and 456043.
49
What is the greatest common divisor of 7380873 and 1173?
51
What is the highest common divisor of 12 and 318347892?
12
Calculate the highest common factor of 8082614 and 276.
46
What is the greatest common divisor of 4150 and 1568550?
50
What is the highest common factor of 18092187 and 1602?
801
What is the greatest common factor of 38566224 and 428?
428
What is the highest common divisor of 71654 and 82929?
11
Calculate the highest common factor of 67239656 and 44.
44
Calculate the highest common factor of 3977 and 819068.
97
Calculate the highest common divisor of 12 and 4059148.
4
What is the greatest common divisor of 1790073 and 15197?
167
Calculate the highest common factor of 224477831 and 236.
59
Calculate the highest common divisor of 20 and 12474460.
20
Calculate the greatest common divisor of 86094 and 1278.
18
Calculate the greatest common factor of 423187725 and 6450.
3225
What is the highest common factor of 803 and 112963631?
803
Calculate the greatest common divisor of 162 and 12220794.
162
What is the highest common divisor of 24234659 and 2753?
2753
What is the highest common factor of 548458 and 5014?
46
Calculate the greatest common divisor of 377 and 225822623.
377
What is the greatest common factor of 3805332 and 2010?
402
Calculate the highest common divisor of 21803712 and 1792.
448
Calculate the highest common factor of 728 and 53683084.
364
Calculate the highest common divisor of 340387 and 3.
1
What is the greatest common divisor of 268 and 5988058?
134
What is the greatest common divisor of 53278064 and 112?
112
What is the highest common divisor of 20691 and 24503787?
1881